{"id":2575,"date":"2023-06-22T16:11:20","date_gmt":"2023-06-22T16:11:20","guid":{"rendered":"https:\/\/wohnmobilcamp-smaland.de\/?page_id=2575"},"modified":"2024-09-29T15:31:35","modified_gmt":"2024-09-29T15:31:35","slug":"buchung","status":"publish","type":"page","link":"https:\/\/wohnmobilcamp-smaland.de\/?page_id=2575","title":{"rendered":"Buchung"},"content":{"rendered":"<div data-colibri-id=\"2575-c1\" class=\"style-1327 style-local-2575-c1 position-relative\">\n  <!---->\n  <div data-colibri-component=\"section\" data-colibri-id=\"2575-c2\" id=\"custom\" class=\"h-section h-section-global-spacing d-flex align-items-lg-center align-items-md-center align-items-center style-1328 style-local-2575-c2 position-relative\">\n    <!---->\n    <!---->\n    <div class=\"h-section-grid-container h-section-boxed-container\">\n      <!---->\n      <div data-colibri-id=\"2575-c3\" class=\"h-row-container gutters-row-lg-2 gutters-row-md-2 gutters-row-0 gutters-row-v-lg-2 gutters-row-v-md-2 gutters-row-v-2 style-1329 style-local-2575-c3 position-relative\">\n        <!---->\n        <div class=\"h-row justify-content-lg-center justify-content-md-center justify-content-center align-items-lg-stretch align-items-md-stretch align-items-stretch gutters-col-lg-2 gutters-col-md-2 gutters-col-0 gutters-col-v-lg-2 gutters-col-v-md-2 gutters-col-v-2\">\n          <!---->\n          <div class=\"h-column h-column-container d-flex h-col-lg-auto h-col-md-auto h-col-auto style-1330-outer style-local-2575-c4-outer\">\n            <div data-colibri-id=\"2575-c4\" class=\"d-flex h-flex-basis h-column__inner h-px-lg-2 h-px-md-2 h-px-2 v-inner-lg-2 v-inner-md-2 v-inner-2 style-1330 style-local-2575-c4 position-relative\">\n              <!---->\n              <!---->\n              <div class=\"w-100 h-y-container h-column__content h-column__v-align flex-basis-100 align-self-lg-start align-self-md-start align-self-start\">\n                <!---->\n                <div data-colibri-id=\"2575-c5\" class=\"h-text h-text-component style-1331 style-local-2575-c5 position-relative h-element\">\n                  <!---->\n                  <!---->\n                  <div class=\"\">\n                    <h4><strong style=\"font-weight: 800;\">Reserviere deinen Lieblingsplatz<\/strong><\/h4>\n                    <p><span style=\"font-weight: 400; font-size: 16px; font-family: &quot;Open Sans&quot;; color: rgb(70, 112, 127);\">Sichere dir deinen Lieblingsstellplatz in der malerischen Natur des Wohnmobilcamp Sm\u00e5land.&nbsp;<\/span>Plane deinen n\u00e4chsten\n                      Aufenthalt ab sofort komfortabel mit unserem neuen Reservierungssystem.<\/p>\n                    <p>Mit der Einf\u00fchrung des neuen Buchungssystems ergeben sich allerdings auch einige Ver\u00e4nderungen zum vorherigen Abrechnungssystems. Es gelten demnach ab sofort die nachfolgenden Bedingungen:<\/p>\n                    <ul>\n                      <li>Die Anreise zum Stellplatz kann ab\n                        <u>13:00 Uhr<\/u> erfolgen.<\/li>\n                      <li>Die Abreise muss bis\n                        <u>12:00 Uhr<\/u> erfolgt sein.<\/li>\n                      <li>Wer nicht seine eigene Toilette benutzen m\u00f6chte, der kann das komfortable Sanit\u00e4rgeb\u00e4ude mit Dusche, WC und Handwaschbecken f\u00fcr 4,00 EUR \/ Tag hinzu buchen.\n                        <br>\n                      <\/li>\n                    <\/ul>\n                  <\/div>\n                <\/div>\n                <div data-colibri-id=\"2575-c6\" class=\"h-x-container style-1360 style-local-2575-c6 position-relative h-element\">\n                  <!---->\n                  <div class=\"h-x-container-inner style-dynamic-2575-c6-group style-1360-spacing style-local-2575-c6-spacing\"><span class=\"h-button__outer style-1361-outer style-local-2575-c7-outer d-inline-flex h-element\"><a h-use-smooth-scroll=\"true\" href=\"https:\/\/harkebruegger-see.pramux.de\/booking\/\" data-fancybox=\"section-group-8wzDbJgj3gR3P5gvfwp5dY\"  data-colibri-id=\"2575-c7\" class=\"d-flex w-100 align-items-center h-button justify-content-lg-center justify-content-md-center justify-content-center style-1361 style-local-2575-c7 position-relative\"><!----><!----> <span>Hier geht es zur Reservierung<\/span><\/a>\n                    <\/span>\n                  <\/div>\n                <\/div>\n              <\/div>\n            <\/div>\n          <\/div>\n        <\/div>\n      <\/div>\n    <\/div>\n  <\/div>\n  <div data-colibri-component=\"section\" data-colibri-id=\"2575-c8\" id=\"custom-2\" class=\"h-section h-section-global-spacing d-flex align-items-lg-center align-items-md-center align-items-center style-1353 style-local-2575-c8 position-relative\">\n    <!---->\n    <!---->\n    <div class=\"h-section-grid-container h-section-boxed-container\">\n      <!---->\n      <div data-colibri-id=\"2575-c9\" class=\"h-row-container gutters-row-lg-2 gutters-row-md-2 gutters-row-0 gutters-row-v-lg-2 gutters-row-v-md-2 gutters-row-v-2 style-1354 style-local-2575-c9 position-relative\">\n        <!---->\n        <div class=\"h-row justify-content-lg-center justify-content-md-center justify-content-center align-items-lg-stretch align-items-md-stretch align-items-stretch gutters-col-lg-2 gutters-col-md-2 gutters-col-0 gutters-col-v-lg-2 gutters-col-v-md-2 gutters-col-v-2\">\n          <!---->\n          <div class=\"h-column h-column-container d-flex h-col-lg-auto h-col-md-auto h-col-auto style-1355-outer style-local-2575-c10-outer\">\n            <div data-colibri-id=\"2575-c10\" class=\"d-flex h-flex-basis h-column__inner h-ui-empty-state-container h-px-lg-2 h-px-md-2 h-px-2 v-inner-lg-2 v-inner-md-2 v-inner-2 style-1355 style-local-2575-c10 position-relative\">\n              <!---->\n              <!---->\n              <div class=\"w-100 h-y-container h-column__content h-column__v-align flex-basis-100\">\n                <!---->\n              <\/div>\n            <\/div>\n          <\/div>\n        <\/div>\n      <\/div>\n    <\/div>\n  <\/div>\n<\/div>","protected":false},"excerpt":{"rendered":"<p>Reserviere deinen Lieblingsplatz Sichere dir deinen Lieblingsstellplatz in der malerischen Natur des Wohnmobilcamp Sm\u00e5land.&nbsp;Plane deinen n\u00e4chsten Aufenthalt ab sofort komfortabel mit unserem neuen Reservierungssystem. Mit der Einf\u00fchrung des neuen Buchungssystems ergeben sich allerdings auch einige Ver\u00e4nderungen zum vorherigen Abrechnungssystems. Es gelten demnach ab sofort die nachfolgenden Bedingungen: Die Anreise zum Stellplatz kann ab 13:00 Uhr [&hellip;]<\/p>\n","protected":false},"author":1,"featured_media":0,"parent":0,"menu_order":0,"comment_status":"closed","ping_status":"closed","template":"page-templates\/full-width-page.php","meta":{"_themeisle_gutenberg_block_has_review":false,"footnotes":""},"class_list":["post-2575","page","type-page","status-publish","hentry"],"_links":{"self":[{"href":"https:\/\/wohnmobilcamp-smaland.de\/index.php?rest_route=\/wp\/v2\/pages\/2575","targetHints":{"allow":["GET"]}}],"collection":[{"href":"https:\/\/wohnmobilcamp-smaland.de\/index.php?rest_route=\/wp\/v2\/pages"}],"about":[{"href":"https:\/\/wohnmobilcamp-smaland.de\/index.php?rest_route=\/wp\/v2\/types\/page"}],"author":[{"embeddable":true,"href":"https:\/\/wohnmobilcamp-smaland.de\/index.php?rest_route=\/wp\/v2\/users\/1"}],"replies":[{"embeddable":true,"href":"https:\/\/wohnmobilcamp-smaland.de\/index.php?rest_route=%2Fwp%2Fv2%2Fcomments&post=2575"}],"version-history":[{"count":20,"href":"https:\/\/wohnmobilcamp-smaland.de\/index.php?rest_route=\/wp\/v2\/pages\/2575\/revisions"}],"predecessor-version":[{"id":2937,"href":"https:\/\/wohnmobilcamp-smaland.de\/index.php?rest_route=\/wp\/v2\/pages\/2575\/revisions\/2937"}],"wp:attachment":[{"href":"https:\/\/wohnmobilcamp-smaland.de\/index.php?rest_route=%2Fwp%2Fv2%2Fmedia&parent=2575"}],"curies":[{"name":"wp","href":"https:\/\/api.w.org\/{rel}","templated":true}]}}