{"id":3752,"date":"2025-08-11T07:16:37","date_gmt":"2025-08-11T07:16:37","guid":{"rendered":"https:\/\/wohnmobilcamp-smaland.de\/?page_id=3752"},"modified":"2025-08-11T14:23:56","modified_gmt":"2025-08-11T14:23:56","slug":"wichtige-informationen-zur-stellplatzbuchung","status":"publish","type":"page","link":"https:\/\/wohnmobilcamp-smaland.de\/?page_id=3752","title":{"rendered":"Wichtige Informationen zur Stellplatzbuchung"},"content":{"rendered":"\t\t<div data-elementor-type=\"wp-page\" data-elementor-id=\"3752\" class=\"elementor elementor-3752\">\n\t\t\t\t\t\t<section class=\"elementor-section elementor-top-section elementor-element elementor-element-1a55d64 elementor-section-boxed elementor-section-height-default elementor-section-height-default\" data-id=\"1a55d64\" data-element_type=\"section\" data-e-type=\"section\">\n\t\t\t\t\t\t<div class=\"elementor-container elementor-column-gap-default\">\n\t\t\t\t\t<div class=\"elementor-column elementor-col-100 elementor-top-column elementor-element elementor-element-d93fde4\" data-id=\"d93fde4\" data-element_type=\"column\" data-e-type=\"column\">\n\t\t\t<div class=\"elementor-widget-wrap elementor-element-populated\">\n\t\t\t\t\t\t<div class=\"elementor-element elementor-element-20da904 elementor-widget elementor-widget-text-editor\" data-id=\"20da904\" data-element_type=\"widget\" data-e-type=\"widget\" data-widget_type=\"text-editor.default\">\n\t\t\t\t<div class=\"elementor-widget-container\">\n\t\t\t\t\t\t\t\t\t<p class=\"MsoNormal\"><span style=\"font-size:20.0pt;line-height:107%;color:#EE0000\"><br>Wichtige Informationen zur Buchung und f\u00fcr den Anreisetag!&nbsp;<o:p><\/o:p><\/span><\/p>\t\t\t\t\t\t\t\t<\/div>\n\t\t\t\t<\/div>\n\t\t\t\t\t<\/div>\n\t\t<\/div>\n\t\t\t\t\t<\/div>\n\t\t<\/section>\n\t\t\t\t<section class=\"elementor-section elementor-top-section elementor-element elementor-element-547216f elementor-section-boxed elementor-section-height-default elementor-section-height-default\" data-id=\"547216f\" data-element_type=\"section\" data-e-type=\"section\">\n\t\t\t\t\t\t<div class=\"elementor-container elementor-column-gap-default\">\n\t\t\t\t\t<div class=\"elementor-column elementor-col-100 elementor-top-column elementor-element elementor-element-141cbf3\" data-id=\"141cbf3\" data-element_type=\"column\" data-e-type=\"column\">\n\t\t\t<div class=\"elementor-widget-wrap elementor-element-populated\">\n\t\t\t\t\t\t<div class=\"elementor-element elementor-element-c06f4ff elementor-widget elementor-widget-text-editor\" data-id=\"c06f4ff\" data-element_type=\"widget\" data-e-type=\"widget\" data-widget_type=\"text-editor.default\">\n\t\t\t\t<div class=\"elementor-widget-container\">\n\t\t\t\t\t\t\t\t\t<p>Bevor wir dich zur Buchungsseite weiterleiten, erh\u00e4ltst du an dieser Stelle&nbsp;<span style=\"font-weight: 600;\">wichtige Informationen.<\/span> Bitte lese diese vor der Buchung durch.<\/p>\n<p><span style=\"color: rgb(122, 122, 122); font-family: Roboto, sans-serif;\">Du wirst unmittelbar nach erfolgreicher Buchung eine Best\u00e4tigungs-Mail erhalten. Nur wenn du diese Mail bekommen hast, ist der Stellplatz auch sicher f\u00fcr dich gebucht! Solltest du keine Mail erhalten, \u00fcberpr\u00fcfe den Buchungsprozess. M\u00f6glicherweise ist die Bezahlung fehlgeschlagen.&nbsp;<\/span><span style=\"color: rgb(122, 122, 122); font-family: Roboto, sans-serif;\">Schaue ggf. auch im SPAM-Ordner nach.<\/span><\/p>\n<p><span style=\"color: rgb(122, 122, 122); font-family: Roboto, sans-serif;\">Diese Best\u00e4tigungsmail solltest du unbedingt am Anreisetag in&nbsp;<\/span><b style=\"color: rgb(122, 122, 122); font-family: Roboto, sans-serif;\">digitaler Form&nbsp;<\/b><span style=\"color: rgb(122, 122, 122); font-family: Roboto, sans-serif;\">mit dir f\u00fchren.&nbsp;Idealerweise auf einem Smartphone, einem Tablet oder einem Laptop mit Internetzugang.&nbsp;<\/span><span style=\"color: rgb(122, 122, 122); font-family: Roboto, sans-serif;\">Ein&nbsp;<\/span><span style=\"color: rgb(122, 122, 122); font-family: Roboto, sans-serif; font-weight: 600;\">Ausdruck der Mail ist <u>nicht <\/u>ausreichend<\/span><span style=\"color: rgb(122, 122, 122); font-family: Roboto, sans-serif;\">, da die Mail einen Link enth\u00e4lt, den du zum Einchecken am Platz vor Ort ben\u00f6tigen wirst.<\/span><\/p>\n<p><span style=\"color: rgb(122, 122, 122); font-family: Roboto, sans-serif;\">In der Mail (siehe nachfolgendes Beispiel) erscheint folgende Seite mit dem Link zum nachbuchen und dem Link zur Stellplatzsteuerung<\/span><\/p>\t\t\t\t\t\t\t\t<\/div>\n\t\t\t\t<\/div>\n\t\t\t\t\t<\/div>\n\t\t<\/div>\n\t\t\t\t\t<\/div>\n\t\t<\/section>\n\t\t\t\t<section class=\"elementor-section elementor-top-section elementor-element elementor-element-41612f3 elementor-section-boxed elementor-section-height-default elementor-section-height-default\" data-id=\"41612f3\" data-element_type=\"section\" data-e-type=\"section\">\n\t\t\t\t\t\t<div class=\"elementor-container elementor-column-gap-default\">\n\t\t\t\t\t<div class=\"elementor-column elementor-col-66 elementor-top-column elementor-element elementor-element-affb6c5\" data-id=\"affb6c5\" data-element_type=\"column\" data-e-type=\"column\">\n\t\t\t<div class=\"elementor-widget-wrap elementor-element-populated\">\n\t\t\t\t\t\t<div class=\"elementor-element elementor-element-95637b4 elementor-widget elementor-widget-text-editor\" data-id=\"95637b4\" data-element_type=\"widget\" data-e-type=\"widget\" data-widget_type=\"text-editor.default\">\n\t\t\t\t<div class=\"elementor-widget-container\">\n\t\t\t\t\t\t\t\t\t<p>Melde dich am Anreisetag (fr\u00fchestens jedoch um 13:00 Uhr!) am Stellplatz an, in dem du den Link zur <i>Stellplatzsteuerung<\/i> aufrufst und anschlie\u00dfend den Button <i>Check In<\/i>&nbsp;dr\u00fcckst.<\/p>\n<p>Damit aktivierst du&nbsp;die Stroms\u00e4ule an deinem gebuchten Platz und der Strom ist freigeschaltet. Nat\u00fcrlich nur, wenn auch Strom vorab gebucht wurde. Wenn du z.B. einen Tagesausflug machen m\u00f6chtest, kannst du dich \u00fcber diesen Link vor\u00fcbergehend <i>Abwesend schalten<\/i> und damit die Stroms\u00e4ule deaktivieren. Ebenso kann das vorhandene Stromkontingent bzw. der Stromverbrauch hier\u00fcber eingesehen werden.<\/p>\n<p style=\"margin-bottom: 0px;\">Nachbuchungen erfolgen entsprechend \u00fcber den Link \u201e<i>Nachbuchung<\/i>\u201c<\/p>\n<p style=\"margin-bottom: 0px;\"><br><\/p><p style=\"margin-bottom: 0px;\">Etwas weiter unten in der Mail findest du eine 4-stellige PIN. Diese wird f\u00fcr die Nutzung der sanit\u00e4ren Anlagen ben\u00f6tigt, falls diese Nutzung gebucht worden ist.<\/p>\t\t\t\t\t\t\t\t<\/div>\n\t\t\t\t<\/div>\n\t\t\t\t\t<\/div>\n\t\t<\/div>\n\t\t\t\t<div class=\"elementor-column elementor-col-33 elementor-top-column elementor-element elementor-element-d2ddc78\" data-id=\"d2ddc78\" data-element_type=\"column\" data-e-type=\"column\">\n\t\t\t<div class=\"elementor-widget-wrap elementor-element-populated\">\n\t\t\t\t\t\t<div class=\"elementor-element elementor-element-f9b7193 elementor-widget__width-initial elementor-widget elementor-widget-image\" data-id=\"f9b7193\" data-element_type=\"widget\" data-e-type=\"widget\" data-widget_type=\"image.default\">\n\t\t\t\t<div class=\"elementor-widget-container\">\n\t\t\t\t\t\t\t\t\t\t\t\t\t\t\t<img fetchpriority=\"high\" decoding=\"async\" width=\"320\" height=\"400\" src=\"https:\/\/wohnmobilcamp-smaland.de\/wp-content\/uploads\/2025\/08\/2025-08-11-14_18_20-Wichtige-Info-fuer-den-Anreisetag-Check-In-Vorgang.docx-Word.png\" class=\"attachment-medium_large size-medium_large wp-image-3768\" alt=\"\" srcset=\"https:\/\/wohnmobilcamp-smaland.de\/wp-content\/uploads\/2025\/08\/2025-08-11-14_18_20-Wichtige-Info-fuer-den-Anreisetag-Check-In-Vorgang.docx-Word.png 320w, https:\/\/wohnmobilcamp-smaland.de\/wp-content\/uploads\/2025\/08\/2025-08-11-14_18_20-Wichtige-Info-fuer-den-Anreisetag-Check-In-Vorgang.docx-Word-240x300.png 240w\" sizes=\"(max-width: 320px) 100vw, 320px\" \/>\t\t\t\t\t\t\t\t\t\t\t\t\t\t\t<\/div>\n\t\t\t\t<\/div>\n\t\t\t\t\t<\/div>\n\t\t<\/div>\n\t\t\t\t\t<\/div>\n\t\t<\/section>\n\t\t\t\t<section class=\"elementor-section elementor-top-section elementor-element elementor-element-9ad87f3 elementor-section-boxed elementor-section-height-default elementor-section-height-default\" data-id=\"9ad87f3\" data-element_type=\"section\" data-e-type=\"section\">\n\t\t\t\t\t\t<div class=\"elementor-container elementor-column-gap-default\">\n\t\t\t\t\t<div class=\"elementor-column elementor-col-100 elementor-top-column elementor-element elementor-element-88507d0\" data-id=\"88507d0\" data-element_type=\"column\" data-e-type=\"column\">\n\t\t\t<div class=\"elementor-widget-wrap elementor-element-populated\">\n\t\t\t\t\t\t<div class=\"elementor-element elementor-element-105a58c elementor-widget elementor-widget-text-editor\" data-id=\"105a58c\" data-element_type=\"widget\" data-e-type=\"widget\" data-widget_type=\"text-editor.default\">\n\t\t\t\t<div class=\"elementor-widget-container\">\n\t\t\t\t\t\t\t\t\t<p><b>WICHTIG: <\/b>Die PIN f\u00fcr die Nutzung des gebuchten Bades ist ausschlie\u00dflich f\u00fcr die eigene Nutzung bestimmt. Eine Weitergabe an Dritte ist nicht gestattet und f\u00fchrt ggf. zum Platzverweis.<\/p>\t\t\t\t\t\t\t\t<\/div>\n\t\t\t\t<\/div>\n\t\t\t\t\t<\/div>\n\t\t<\/div>\n\t\t\t\t\t<\/div>\n\t\t<\/section>\n\t\t\t\t<section class=\"elementor-section elementor-top-section elementor-element elementor-element-9632ac0 elementor-section-boxed elementor-section-height-default elementor-section-height-default elementor-invisible\" data-id=\"9632ac0\" data-element_type=\"section\" data-e-type=\"section\" data-settings=\"{&quot;animation&quot;:&quot;fadeIn&quot;,&quot;background_background&quot;:&quot;classic&quot;}\">\n\t\t\t\t\t\t<div class=\"elementor-container elementor-column-gap-default\">\n\t\t\t\t\t<div class=\"elementor-column elementor-col-100 elementor-top-column elementor-element elementor-element-5c0c97a animated-slow elementor-invisible\" data-id=\"5c0c97a\" data-element_type=\"column\" data-e-type=\"column\" data-settings=\"{&quot;background_background&quot;:&quot;classic&quot;,&quot;animation&quot;:&quot;fadeIn&quot;}\">\n\t\t\t<div class=\"elementor-widget-wrap elementor-element-populated\">\n\t\t\t\t\t\t<div class=\"elementor-element elementor-element-708b61e elementor-widget elementor-widget-html\" data-id=\"708b61e\" data-element_type=\"widget\" data-e-type=\"widget\" data-widget_type=\"html.default\">\n\t\t\t\t<div class=\"elementor-widget-container\">\n\t\t\t\t\t<label>\r\n  <input type=\"checkbox\" id=\"agree\">\r\n  Ich habe die obigen Punkte verstanden und werde die Buchungsbest\u00e4tigung in digitaler Form mitf\u00fchren!\r\n<\/label>\r\n<br><br>\r\n\r\n<a href=\"https:\/\/harkebruegger-see.pramux.de\/booking\/\" id=\"myBox\" class=\"box disabled\">\r\n  Nach dem aktivieren der Checkbox geht es hier weiter zur Buchungsseite\r\n<\/a>\r\n\r\n<style>\r\n  .box {\r\n    display: inline-block;\r\n    padding: 15px 25px;\r\n    background-color: #0073e6;\r\n    color: white;\r\n    border-radius: 8px;\r\n    font-weight: bold;\r\n    text-decoration: none;\r\n    transition: 0.3s;\r\n  }\r\n\r\n  .box:hover {\r\n    background-color: #005bb5;\r\n  }\r\n  .disabled {\r\n    pointer-events: none;\r\n    background-color: #999;\r\n    color: #ddd;\r\n  }\r\n<\/style>\r\n<script>\r\ndocument.addEventListener(\"DOMContentLoaded\", function() {\r\n  const checkbox = document.getElementById('agree');\r\n  const box = document.getElementById('myBox');\r\n\r\n  checkbox.addEventListener('change', function() {\r\n    if (checkbox.checked) {\r\n      box.classList.remove('disabled');\r\n    } else {\r\n      box.classList.add('disabled');\r\n    }\r\n  });\r\n});\r\n<\/script>\t\t\t\t<\/div>\n\t\t\t\t<\/div>\n\t\t\t\t\t<\/div>\n\t\t<\/div>\n\t\t\t\t\t<\/div>\n\t\t<\/section>\n\t\t\t\t<section class=\"elementor-section elementor-top-section elementor-element elementor-element-3f91eca elementor-section-boxed elementor-section-height-default elementor-section-height-default\" data-id=\"3f91eca\" data-element_type=\"section\" data-e-type=\"section\">\n\t\t\t\t\t\t<div class=\"elementor-container elementor-column-gap-default\">\n\t\t\t\t\t<div class=\"elementor-column elementor-col-100 elementor-top-column elementor-element elementor-element-f02383d\" data-id=\"f02383d\" data-element_type=\"column\" data-e-type=\"column\">\n\t\t\t<div class=\"elementor-widget-wrap elementor-element-populated\">\n\t\t\t\t\t\t<div class=\"elementor-element elementor-element-35c1a03 elementor-widget elementor-widget-spacer\" data-id=\"35c1a03\" data-element_type=\"widget\" data-e-type=\"widget\" data-widget_type=\"spacer.default\">\n\t\t\t\t<div class=\"elementor-widget-container\">\n\t\t\t\t\t\t\t<div class=\"elementor-spacer\">\n\t\t\t<div class=\"elementor-spacer-inner\"><\/div>\n\t\t<\/div>\n\t\t\t\t\t\t<\/div>\n\t\t\t\t<\/div>\n\t\t\t\t\t<\/div>\n\t\t<\/div>\n\t\t\t\t\t<\/div>\n\t\t<\/section>\n\t\t\t\t<\/div>\n\t\t","protected":false},"excerpt":{"rendered":"<p>Wichtige Informationen zur Buchung und f\u00fcr den Anreisetag!&nbsp;Bevor wir dich zur Buchungsseite weiterleiten, erh\u00e4ltst du an dieser Stelle&nbsp;wichtige Informationen. Bitte lese diese vor der Buchung durch. Du wirst unmittelbar nach erfolgreicher Buchung eine Best\u00e4tigungs-Mail erhalten. Nur wenn du diese Mail bekommen hast, ist der Stellplatz auch sicher f\u00fcr dich gebucht! Solltest du keine Mail erhalten, [&hellip;]<\/p>\n","protected":false},"author":1,"featured_media":0,"parent":0,"menu_order":0,"comment_status":"closed","ping_status":"closed","template":"page-templates\/full-width-page.php","meta":{"_themeisle_gutenberg_block_has_review":false,"footnotes":""},"class_list":["post-3752","page","type-page","status-publish","hentry"],"_links":{"self":[{"href":"https:\/\/wohnmobilcamp-smaland.de\/index.php?rest_route=\/wp\/v2\/pages\/3752","targetHints":{"allow":["GET"]}}],"collection":[{"href":"https:\/\/wohnmobilcamp-smaland.de\/index.php?rest_route=\/wp\/v2\/pages"}],"about":[{"href":"https:\/\/wohnmobilcamp-smaland.de\/index.php?rest_route=\/wp\/v2\/types\/page"}],"author":[{"embeddable":true,"href":"https:\/\/wohnmobilcamp-smaland.de\/index.php?rest_route=\/wp\/v2\/users\/1"}],"replies":[{"embeddable":true,"href":"https:\/\/wohnmobilcamp-smaland.de\/index.php?rest_route=%2Fwp%2Fv2%2Fcomments&post=3752"}],"version-history":[{"count":20,"href":"https:\/\/wohnmobilcamp-smaland.de\/index.php?rest_route=\/wp\/v2\/pages\/3752\/revisions"}],"predecessor-version":[{"id":3934,"href":"https:\/\/wohnmobilcamp-smaland.de\/index.php?rest_route=\/wp\/v2\/pages\/3752\/revisions\/3934"}],"wp:attachment":[{"href":"https:\/\/wohnmobilcamp-smaland.de\/index.php?rest_route=%2Fwp%2Fv2%2Fmedia&parent=3752"}],"curies":[{"name":"wp","href":"https:\/\/api.w.org\/{rel}","templated":true}]}}